94 is divided by j.
14
Suppose -2*j = -t - 22, -2*j + 24*t = 19*t - 22. Calculate the remainder when 74 is divided by j.
8
Let m = 983 + -969. Suppose 0 = -13*i + 11*i + 114. What is the remainder when i is divided by m?
1
Suppose 8*k = 2*k + 18. Suppose h - 46 = -3*b, b + 0*h - 22 = k*h. Calculate the remainder when 61 is divided by b.
13
Suppose 57 = 18*m - 87. Suppose 4*s + 3*a + 24 = 0, -3*s - m*a = -9*a + 5. Calculate the remainder when 180/100*(-65)/s is divided by 11.
6
Let d(n) = -n**3 - n**2 + n. Let z(k) = -6*k**3 - 3*k**2 - 2*k + 47. Let b(r) = 5*d(r) - z(r). What is the remainder when 41 is divided by b(4)?
2
Suppose -5*c - 4*o = -0*c - 583, c + 2*o = 113. Calculate the remainder when 711 is divided by c.
116
Let y = -19122 + 19552. What is the remainder when y is divided by 142?
4
Let x = 490 + -342. Let l = 286 - 181. Suppose -3*n - 10 + l = -5*i, 0 = 3*n + i - 71. Calculate the remainder when x is divided by n.
23
Let u(b) = 485*b - 1112. Calculate the remainder when u(3) is divided by 8.
7
Let p(q) = 5787*q + 52101. Calculate the remainder when (-1 + 141)*(-5)/(-10) is divided by p(-9).
16
Suppose -3*j + 7907 = t, 2*j - 3*j = -2*t + 15842. What is the remainder when t is divided by 132?
131
Let h = 303 - 308. Calculate the remainder when (h + 34)/(2/6) is divided by 29.
0
Let o(a) = -3*a - 34. Let t be o(-13). Let b = -4 + 6. Suppose w - b*w = 0, 216 = 4*l - t*w. What is the remainder when 104 is divided by l?
50
Suppose 0 = -2*g + 4 - 0. Suppose -g*n = -5*n + 84. Let l(f) = 10*f**2 - 123*f - 383. What is the remainder when l(-3) is divided by n?
20
Let r = -3 + 20. Suppose 0 = 836*m - 831*m - 5895. Suppose -40*x + m = -141. Calculate the remainder when x is divided by r.
16
Let b = 334 + -208. Let q = -110 + b. What is the remainder when q is divided by 10?
6
Let r = 11 + 1. Let u = -476 + 75. Let p = u - -436. Calculate the remainder when p is divided by r.
11
Let m = -15 - -11. Let c = 19326 - 19307. What is the remainder when 1/(2/m) + 94 is divided by c?
16
Suppose 193*h - 142851 = -8523. Calculate the remainder when 710 is divided by h.
14
Let z = -45 - -51. Suppose -z*k + 4 = -38. What is the remainder when 18*(-21)/(-28)*(-6)/(-9) is divided by k?
2
Let g(h) = h + 18. Let x be g(-13). Suppose -x*p + 180 = -105. What is the remainder when p is divided by 4*(-30)/(-8)*1?
12
Let k(c) = 122*c**2 - 4*c - 3. Let m be (33/22)/((-6)/4). Suppose -s = -6*s + 90. What is the remainder when k(m) is divided by s?
15
Let h be -8 + 17 + -4 + (-9 - -1). Calculate the remainder when h - -25 - (-7)/1 is divided by 11.
7
Let h(n) = n**2 + 7*n + 2. Suppose 0 = -f - 3*f - 40. Suppose 4*z + 194 = 2*o, -z + 4 = -5*z. Calculate the remainder when o is divided by h(f).
31
Suppose 2*j = -18 + 22. What is the remainder when 291 is divided by -11 + 14 + 44 + 0 + j?
46
Suppose 2*h - 2*b = -h + 35, 2*h - 17 = -5*b. Suppose -65 = -70*n + 57*n. Calculate the remainder when h is divided by n.
1
Let p(r) = 2 + 2*r + 2*r**2 + 2 + 3*r - 4*r. What is the remainder when (-736)/(-12) - ((-22)/6 - -4) is divided by p(-4)?
29
Let a(z) = -z**3 + 6*z**2 - 8*z - 5. Let v be a(9). Suppose -35 - 13 = -2*w + 4*i, 0 = -3*i - 9. Calculate the remainder when 5*(-4 + v/(-25)) is divided by w.
8
Suppose 20 = -0*d - 4*d, 2*v = 4*d + 98. What is the remainder when v/(-91) + 24792/28 is divided by 24?
21
Suppose 29 = -d + 2*d. Let h be (-1)/2 - (-258)/4. Let b = -47 + h. Calculate the remainder when d is divided by b.
12
Let h(m) = m**2 + 22*m - 59. Calculate the remainder when (-351)/(-2) + 7/(-14) is divided by h(4).
40
Let r be ((-2)/(-1))/(0 - 1). Let d = -5118 + 5119. Calculate the remainder when 35 is divided by d - ((-1)/r)/((-5)/30).
3
Suppose 4*f = 4*m - 294 + 950, 5*m = -3*f - 836. Let n = 198 + m. Calculate the remainder when 57 is divided by n.
25
Suppose 0 = -0*z + 7*z - 56. Suppose 0 = 21*c - z*c - 507. What is the remainder when c is divided by 28?
11
Let s(w) = -w**2 - 8*w + 160. Let d be s(0). Let q = -150 + d. What is the remainder when 11 is divided by q?
1
What is the remainder when ((-3416)/(-24) - (5 + (-70)/15)) + -7 is divided by 76?
59
Suppose 231*m + 207 = 462 + 669. Let s(t) = t + t**2 + 0 - 2*t + 2. Calculate the remainder when 97 is divided by s(m).
13
Suppose 1976 = 17*l - 12*l + 2*v, -1576 = -4*l - 4*v. Suppose -l = -7*g - 4. Calculate the remainder when 166 is divided by g.
54
Let u = -44 + 46. Calculate the remainder when ((-2)/u)/(8/(-488)) is divided by 45.
16
Let t be (-180)/(-144) + (-3477)/(-12). Suppose 11*s - 182 = t. What is the remainder when s is divided by (3/(-9))/(2/(-30))?
3
Suppose 0 = -7*k + 337 + 55. Suppose 0 = -4*x - 4*g + 49 + 15, 76 = 5*x + g. What is the remainder when k is divided by x?
11
Let y be (4/(-8))/((-8)/16). Suppose x + 14 = 4*m + y, 3*m - 24 = -4*x. Calculate the remainder when x is divided by 2.
1
Suppose -31*v + 830 + 1587 = -714. Calculate the remainder when 211 is divided by v.
9
What is the remainder when 136 is divided by ((-683)/(-11) + (-9 - (-784)/88))/2?
12
Suppose -4*g = -4*t + 12, -t - 2*g - 6 = -6*t. Suppose t = 2*c - 4*c + 18. What is the remainder when c is divided by (1 - 3)*33/(-22)*3?
0
Let t = 16841 - 16833. Let h = 17 - 8. What is the remainder when h is divided by t?
1
Calculate the remainder when 5*(-9 - (-5313)/55) is divided by 4.
2
Suppose 171 = 4*m - 4*j + 27, 2*m + 2*j - 84 = 0. Suppose 11*u - m*u = -1176. Suppose 0 = -2*a + 157 - 1. Calculate the remainder when a is divided by u.
36
Suppose -384 = -3*q + 54. Let r = q + -137. Let a = -20 + 62. Calculate the remainder when a is divided by r.
6
Suppose 0*b - 4*b = 0. Suppose -5*h + 5*j + 160 = b, 2*j = 2*h + 5*j - 44. Suppose -h*n + 26*n + 20 = 0. What is the remainder when 18 is divided by n?
8
Suppose 0 = 2*s - 4, 190 = 7*v - 5*v - 4*s. Calculate the remainder when v is divided by -2 + (-9)/(-3) + 25.
21
Let r = -642 + 653. Suppose h - 22 = -4*t, 6*t = 2*h + r*t - 50. What is the remainder when 206 is divided by h?
26
Suppose 0 = 3*s + 3, 5*c - 3*s - s = 74. Let t(k) = -533*k - 3187. What is the remainder when c is divided by t(-6)?
3
Suppose -3*k - 5*c + 2347 = 0, 0 = 3*k + 744*c - 749*c - 2387. Calculate the remainder when k is divided by 17.
7
Suppose 0 = -3*m + 5*j + 4915, 0 = 64*j - 62*j - 8. Calculate the remainder when 4946 is divided by m.
11
Let u be 1358/154 + 4/22. Let z(h) = -5*h + 25. Let c be z(u). Calculate the remainder when 18 is divided by 3 + (c/5)/(-1).
4
Let k be 10/(-4)*624/(-40). Suppose -b + 4 + 8 = 0. Calculate the remainder when (k/(-26))/(6/(-124) - 0) is divided by b.
7
Let y(m) be the second derivative of -103*m**3/6 + 55*m**2/2 + 259*m. Calculate the remainder when y(-1) is divided by 17.
5
Suppose -5*z + 3*z - 50 = 0. Let h = -20 - z. Suppose -h*w - 380 = -9*w. What is the remainder when w is divided by 24?
23
Let n(s) = -24*s + 2. Suppose 318 = 5*a + 2*y, -2*a - 5*y + 59 = -a. Let p = -44 + a. Calculate the remainder when n(-4) is divided by p.
18
Let u(i) = -i**2 + 13*i - 12. Let n be u(6). Suppose 33*r - n*r + 12 = 0. Calculate the remainder when (r - 256/(-2))*1 is divided by 43.
38
Let x(t) = -t**3 - 25*t**2 + 406*t + 10. Calculate the remainder when 502 is divided by x(11).
22
Let p = 1997 - 1095. Calculate the remainder when p is divided by 41.
0
Let n = -2714 - -2884. What is the remainder when 181 is divided by n?
11
Let c be 135/25 + 3/5. Suppose -a = 2 - c. Suppose -a*d + 55 = -g - 0*g, -2*d = g - 23. Calculate the remainder when d is divided by 5.
3
Suppose -2*g + 81 = -165. Let s = g + -94. What is the remainder when 84 is divided by s?
26
Suppose 7*l - 554 = -992 + 851. What is the remainder when 94 is divided by l?
35
Suppose -2*i + 6*i - 880 = 0. Suppose 0 = 3*c + 72 + 132. Let v = i + c. What is the remainder when v is divided by 22?
20
Let p(h) = -3*h**2 - 210*h + 264. Suppose -3*r + 40 = -2. What is the remainder when p(-71) is divided by r?
9
Calculate the remainder when 1692 is divided by 1*(65/(-20) - -3) + 28821/52.
30
Suppose -135*a + 127*a + 256 = 0. Suppose -a*x = 489 - 2761. What is the remainder when x is divided by 26?
19
Suppose 2*s - 9*k - 328 = -14*k, 492 = 3*s + 3*k. Calculate the remainder when (-10 - -5) + (s - -3) is divided by 49.
15
Let f(p) be the first der